{"id":400,"date":"2023-03-02T19:56:03","date_gmt":"2023-03-02T19:56:03","guid":{"rendered":"https:\/\/atlanticoaeroporto.com.br\/?page_id=400"},"modified":"2024-01-22T11:26:19","modified_gmt":"2024-01-22T14:26:19","slug":"bilingue","status":"publish","type":"page","link":"https:\/\/atlanticoaeroporto.com.br\/index.php\/bilingue\/","title":{"rendered":"Bil\u00edngue"},"content":{"rendered":"\t\t<div data-elementor-type=\"wp-page\" data-elementor-id=\"400\" class=\"elementor elementor-400\" data-elementor-post-type=\"page\">\n\t\t\t\t\t\t<section class=\"elementor-section elementor-top-section elementor-element elementor-element-bd95c79 elementor-section-height-min-height elementor-section-boxed elementor-section-height-default elementor-section-items-middle\" data-id=\"bd95c79\" data-element_type=\"section\" data-settings=\"{&quot;background_background&quot;:&quot;classic&quot;}\">\n\t\t\t\t\t\t\t<div class=\"elementor-background-overlay\"><\/div>\n\t\t\t\t\t\t\t<div class=\"elementor-container elementor-column-gap-default\">\n\t\t\t\t\t<div class=\"elementor-column elementor-col-100 elementor-top-column elementor-element elementor-element-3d95a33\" data-id=\"3d95a33\" data-element_type=\"column\">\n\t\t\t<div class=\"elementor-widget-wrap elementor-element-populated\">\n\t\t\t\t\t\t<div class=\"elementor-element elementor-element-5ec09db elementor-widget elementor-widget-heading\" data-id=\"5ec09db\" data-element_type=\"widget\" data-widget_type=\"heading.default\">\n\t\t\t\t<div class=\"elementor-widget-container\">\n\t\t\t\t\t<h2 class=\"elementor-heading-title elementor-size-default\">PROJETO BIL\u00cdNGUE<\/h2>\t\t\t\t<\/div>\n\t\t\t\t<\/div>\n\t\t\t\t\t<\/div>\n\t\t<\/div>\n\t\t\t\t\t<\/div>\n\t\t<\/section>\n\t\t\t\t<section class=\"elementor-section elementor-top-section elementor-element elementor-element-99e72df elementor-section-boxed elementor-section-height-default elementor-section-height-default\" data-id=\"99e72df\" data-element_type=\"section\" data-settings=\"{&quot;background_background&quot;:&quot;classic&quot;}\">\n\t\t\t\t\t\t<div class=\"elementor-container elementor-column-gap-default\">\n\t\t\t\t\t<div class=\"elementor-column elementor-col-50 elementor-top-column elementor-element elementor-element-84880c6\" data-id=\"84880c6\" data-element_type=\"column\">\n\t\t\t<div class=\"elementor-widget-wrap elementor-element-populated\">\n\t\t\t\t\t\t<div class=\"elementor-element elementor-element-6867ca2 elementor-widget elementor-widget-heading\" data-id=\"6867ca2\" data-element_type=\"widget\" data-widget_type=\"heading.default\">\n\t\t\t\t<div class=\"elementor-widget-container\">\n\t\t\t\t\t<h2 class=\"elementor-heading-title elementor-size-default\">LEARN MORE AND MORE<\/h2>\t\t\t\t<\/div>\n\t\t\t\t<\/div>\n\t\t\t\t<div class=\"elementor-element elementor-element-29b0284 elementor-widget elementor-widget-text-editor\" data-id=\"29b0284\" data-element_type=\"widget\" data-widget_type=\"text-editor.default\">\n\t\t\t\t<div class=\"elementor-widget-container\">\n\t\t\t\t\t\t\t\t\t<p><strong>Por que ser um aluno Bil\u00edngue?<br \/><\/strong><br \/>\u00c9 comprovado que o ensino de l\u00ednguas deve ocorrer ainda na inf\u00e2ncia. Diversos estudos demonstram que, ao aprender uma segunda l\u00edngua, o c\u00e9rebro da crian\u00e7a aumenta as conex\u00f5es neurais, melhorando o racioc\u00ednio e a criatividade. Estes estudos demonstram ainda que as pessoas que se beneficiaram do ensino de idiomas em sua inf\u00e2ncia possuem facilidade maior de assimila\u00e7\u00e3o de outras disciplinas e racioc\u00ednio.<\/p><p>No Atl\u00e2ntico, o idioma \u00e9 um meio para desenvolvermos a vis\u00e3o global do estudante e seu protagonismo no aprendizado. Contamos com uma equipe de profissionais experientes, sendo uma excelente op\u00e7\u00e3o para os pais que querem agregar ao curr\u00edculo de seus filhos a aprendizagem efetiva da l\u00edngua inglesa.<\/p><p>Nosso programa \u00e9 diferenciado, com carga hor\u00e1ria di\u00e1ria de 3h de l\u00edngua inglesa e uma proposta pedag\u00f3gica que proporciona ao aluno um aprendizado significativo e estimulante, vivenciado de forma l\u00fadica e din\u00e2mica, o que auxilia no desenvolvimento de compet\u00eancias, habilidades, atitudes e valores. Foco na comunica\u00e7\u00e3o oral, perspectiva e cidadania global, excel\u00eancia no Ingl\u00eas.<\/p><p>Focamos em ampliar a vis\u00e3o de mundo dos nossos alunos atrav\u00e9s de discuss\u00e3o de temas atuais, al\u00e9m da flu\u00eancia nas quatro habilidades: listening, speaking, reading, writing.<\/p><p>Em nosso programa Bil\u00edngue cada aluno \u00e9 visto como protagonista do seu aprendizado, sua curiosidade, capacidade investigativa e envolvimento s\u00e3o estimulados no processo de levantar hip\u00f3teses e propor solu\u00e7\u00f5es.<\/p>\t\t\t\t\t\t\t\t<\/div>\n\t\t\t\t<\/div>\n\t\t\t\t\t<\/div>\n\t\t<\/div>\n\t\t\t\t<div class=\"elementor-column elementor-col-50 elementor-top-column elementor-element elementor-element-762f384\" data-id=\"762f384\" data-element_type=\"column\">\n\t\t\t<div class=\"elementor-widget-wrap elementor-element-populated\">\n\t\t\t\t\t\t<div class=\"elementor-element elementor-element-b9da729 elementor-widget elementor-widget-image\" data-id=\"b9da729\" data-element_type=\"widget\" data-widget_type=\"image.default\">\n\t\t\t\t<div class=\"elementor-widget-container\">\n\t\t\t\t\t\t\t\t\t\t\t\t\t\t\t<img fetchpriority=\"high\" decoding=\"async\" width=\"768\" height=\"787\" src=\"https:\/\/atlanticoaeroporto.com.br\/wp-content\/uploads\/2023\/03\/asset-1-768x787.png\" class=\"attachment-medium_large size-medium_large wp-image-410\" alt=\"\" srcset=\"https:\/\/atlanticoaeroporto.com.br\/wp-content\/uploads\/2023\/03\/asset-1-768x787.png 768w, https:\/\/atlanticoaeroporto.com.br\/wp-content\/uploads\/2023\/03\/asset-1-293x300.png 293w, https:\/\/atlanticoaeroporto.com.br\/wp-content\/uploads\/2023\/03\/asset-1.png 951w\" sizes=\"(max-width: 768px) 100vw, 768px\" \/>\t\t\t\t\t\t\t\t\t\t\t\t\t\t\t<\/div>\n\t\t\t\t<\/div>\n\t\t\t\t\t<\/div>\n\t\t<\/div>\n\t\t\t\t\t<\/div>\n\t\t<\/section>\n\t\t\t\t<section class=\"elementor-section elementor-top-section elementor-element elementor-element-8c552ab elementor-section-boxed elementor-section-height-default elementor-section-height-default\" data-id=\"8c552ab\" data-element_type=\"section\" data-settings=\"{&quot;background_background&quot;:&quot;classic&quot;}\">\n\t\t\t\t\t\t<div class=\"elementor-container elementor-column-gap-default\">\n\t\t\t\t\t<div class=\"elementor-column elementor-col-100 elementor-top-column elementor-element elementor-element-bc5d02c\" data-id=\"bc5d02c\" data-element_type=\"column\">\n\t\t\t<div class=\"elementor-widget-wrap elementor-element-populated\">\n\t\t\t\t\t\t<div class=\"elementor-element elementor-element-d98d56e elementor-widget elementor-widget-text-editor\" data-id=\"d98d56e\" data-element_type=\"widget\" data-widget_type=\"text-editor.default\">\n\t\t\t\t<div class=\"elementor-widget-container\">\n\t\t\t\t\t\t\t\t\t<p>Trabalhamos com a abordagem de projetos com os alunos desde o Infantil, buscando alcan\u00e7ar um maior envolvimento do estudante, melhorando sua forma\u00e7\u00e3o Bil\u00edngue, focando na fala e desenvolvendo assim a flu\u00eancia e o vocabul\u00e1rio. A partir do Ensino Fundamental, nossos alunos realizam simulados de exames internacionais, atestando a sua evolu\u00e7\u00e3o.<\/p><p><strong>Nossa nova parceira: EDIFY<br \/><\/strong><br \/>Trabalhamos\u00a0com\u00a0a\u00a0Edify, o programa bil\u00edngue que vai al\u00e9m do ingl\u00eas. Criada por uma equipe pedag\u00f3gica com mais de 15 anos de experi\u00eancia, o programa nasceu dentro das escolas e visa conhecer e compreender os desafios e necessidades das institui\u00e7\u00f5es parceiras. Hoje, a Edify conta com mais de 15 mil alunos, distribu\u00eddos em 10 estados e mais de 60 escolas. Seus materiais contam com recursos impressos, digitais e kits de sala de aula e visam desenvolver habilidades como: Falar em p\u00fablico, objetivando ensinar t\u00e9cnicas de apresenta\u00e7\u00e3o e orat\u00f3ria e a empatia pela escuta atenta aos colegas; Storytelling, estimulando a criatividade e constru\u00e7\u00e3o de narrativas pr\u00f3prias atrav\u00e9s da organiza\u00e7\u00e3o de ideias e produ\u00e7\u00e3o de conte\u00fado.<\/p><p><b>Alguns de nossos projetos:<br \/><\/b><br \/>\u2022 \u201cAll about me\u201d<\/p><p>\u2022 Healthy habits<\/p><p>\u2022 Datas comemorativas (St. Patrick\u2019s Day, Easter, 4th of July, Halloween, Thanksgiving, etc.)<\/p><p>\u2022 Cultural Adventure \u2013 Explorando o tema \u201cVIAGEM\u201d, os alunos s\u00e3o levados a conhecerem os continentes e cada turma opta e se aprofunda na hist\u00f3ria, cultura e geografia de um pa\u00eds, culminando num maravilhoso s\u00e1bado letivo de muita partilha de conhecimentos e comidas t\u00edpicas.<\/p><p><b>Nossos programas:<br \/><\/b><br \/>Ofereceremos \u00e0s fam\u00edlias as op\u00e7\u00f5es de ades\u00e3o no contra turno, podendo ser elas de 3 ou 5 vezes semanais.<\/p>\t\t\t\t\t\t\t\t<\/div>\n\t\t\t\t<\/div>\n\t\t\t\t\t<\/div>\n\t\t<\/div>\n\t\t\t\t\t<\/div>\n\t\t<\/section>\n\t\t\t\t<\/div>\n\t\t","protected":false},"excerpt":{"rendered":"<p>PROJETO BIL\u00cdNGUE LEARN MORE AND MORE Por que ser um aluno Bil\u00edngue?\u00c9 comprovado que o ensino de l\u00ednguas deve ocorrer ainda na inf\u00e2ncia. Diversos estudos demonstram que, ao aprender uma segunda l\u00edngua, o c\u00e9rebro da crian\u00e7a aumenta as conex\u00f5es neurais, melhorando o racioc\u00ednio e a criatividade. Estes estudos demonstram ainda que as pessoas que se [&hellip;]<\/p>\n","protected":false},"author":4,"featured_media":0,"parent":0,"menu_order":0,"comment_status":"closed","ping_status":"closed","template":"elementor_header_footer","meta":{"_joinchat":[],"footnotes":""},"class_list":["post-400","page","type-page","status-publish","hentry"],"_links":{"self":[{"href":"https:\/\/atlanticoaeroporto.com.br\/index.php\/wp-json\/wp\/v2\/pages\/400","targetHints":{"allow":["GET"]}}],"collection":[{"href":"https:\/\/atlanticoaeroporto.com.br\/index.php\/wp-json\/wp\/v2\/pages"}],"about":[{"href":"https:\/\/atlanticoaeroporto.com.br\/index.php\/wp-json\/wp\/v2\/types\/page"}],"author":[{"embeddable":true,"href":"https:\/\/atlanticoaeroporto.com.br\/index.php\/wp-json\/wp\/v2\/users\/4"}],"replies":[{"embeddable":true,"href":"https:\/\/atlanticoaeroporto.com.br\/index.php\/wp-json\/wp\/v2\/comments?post=400"}],"version-history":[{"count":22,"href":"https:\/\/atlanticoaeroporto.com.br\/index.php\/wp-json\/wp\/v2\/pages\/400\/revisions"}],"predecessor-version":[{"id":2272,"href":"https:\/\/atlanticoaeroporto.com.br\/index.php\/wp-json\/wp\/v2\/pages\/400\/revisions\/2272"}],"wp:attachment":[{"href":"https:\/\/atlanticoaeroporto.com.br\/index.php\/wp-json\/wp\/v2\/media?parent=400"}],"curies":[{"name":"wp","href":"https:\/\/api.w.org\/{rel}","templated":true}]}}

Bilíngue

<div data-elementor-type="wp-page" data-elementor-id="400" class="elementor elementor-400" data-elementor-post-type="page">
						<section class="elementor-section elementor-top-section elementor-element elementor-element-bd95c79 elementor-section-height-min-height elementor-section-boxed elementor-section-height-default elementor-section-items-middle" data-id="bd95c79" data-element_type="section" data-settings="{&quot;background_background&quot;:&quot;classic&quot;}">
							<div class="elementor-background-overlay"></div>
							<div class="elementor-container elementor-column-gap-default">
					<div class="elementor-column elementor-col-100 elementor-top-column elementor-element elementor-element-3d95a33" data-id="3d95a33" data-element_type="column">
			<div class="elementor-widget-wrap elementor-element-populated">
						<div class="elementor-element elementor-element-5ec09db elementor-widget elementor-widget-heading" data-id="5ec09db" data-element_type="widget" data-widget_type="heading.default">
				<div class="elementor-widget-container">
					<h2 class="elementor-heading-title elementor-size-default">PROJETO BILÍNGUE</h2>				</div>
				</div>
					</div>
		</div>
					</div>
		</section>
				<section class="elementor-section elementor-top-section elementor-element elementor-element-99e72df elementor-section-boxed elementor-section-height-default elementor-section-height-default" data-id="99e72df" data-element_type="section" data-settings="{&quot;background_background&quot;:&quot;classic&quot;}">
						<div class="elementor-container elementor-column-gap-default">
					<div class="elementor-column elementor-col-50 elementor-top-column elementor-element elementor-element-84880c6" data-id="84880c6" data-element_type="column">
			<div class="elementor-widget-wrap elementor-element-populated">
						<div class="elementor-element elementor-element-6867ca2 elementor-widget elementor-widget-heading" data-id="6867ca2" data-element_type="widget" data-widget_type="heading.default">
				<div class="elementor-widget-container">
					<h2 class="elementor-heading-title elementor-size-default">LEARN MORE AND MORE</h2>				</div>
				</div>
				<div class="elementor-element elementor-element-29b0284 elementor-widget elementor-widget-text-editor" data-id="29b0284" data-element_type="widget" data-widget_type="text-editor.default">
				<div class="elementor-widget-container">
									<p><strong>Por que ser um aluno Bilíngue?<br /></strong><br />É comprovado que o ensino de línguas deve ocorrer ainda na infância. Diversos estudos demonstram que, ao aprender uma segunda língua, o cérebro da criança aumenta as conexões neurais, melhorando o raciocínio e a criatividade. Estes estudos demonstram ainda que as pessoas que se beneficiaram do ensino de idiomas em sua infância possuem facilidade maior de assimilação de outras disciplinas e raciocínio.</p><p>No Atlântico, o idioma é um meio para desenvolvermos a visão global do estudante e seu protagonismo no aprendizado. Contamos com uma equipe de profissionais experientes, sendo uma excelente opção para os pais que querem agregar ao currículo de seus filhos a aprendizagem efetiva da língua inglesa.</p><p>Nosso programa é diferenciado, com carga horária diária de 3h de língua inglesa e uma proposta pedagógica que proporciona ao aluno um aprendizado significativo e estimulante, vivenciado de forma lúdica e dinâmica, o que auxilia no desenvolvimento de competências, habilidades, atitudes e valores. Foco na comunicação oral, perspectiva e cidadania global, excelência no Inglês.</p><p>Focamos em ampliar a visão de mundo dos nossos alunos através de discussão de temas atuais, além da fluência nas quatro habilidades: listening, speaking, reading, writing.</p><p>Em nosso programa Bilíngue cada aluno é visto como protagonista do seu aprendizado, sua curiosidade, capacidade investigativa e envolvimento são estimulados no processo de levantar hipóteses e propor soluções.</p>								</div>
				</div>
					</div>
		</div>
				<div class="elementor-column elementor-col-50 elementor-top-column elementor-element elementor-element-762f384" data-id="762f384" data-element_type="column">
			<div class="elementor-widget-wrap elementor-element-populated">
						<div class="elementor-element elementor-element-b9da729 elementor-widget elementor-widget-image" data-id="b9da729" data-element_type="widget" data-widget_type="image.default">
				<div class="elementor-widget-container">
															<img fetchpriority="high" decoding="async" width="768" height="787" src="https://atlanticoaeroporto.com.br/wp-content/uploads/2023/03/asset-1-768x787.png" class="attachment-medium_large size-medium_large wp-image-410" alt="" srcset="https://atlanticoaeroporto.com.br/wp-content/uploads/2023/03/asset-1-768x787.png 768w, https://atlanticoaeroporto.com.br/wp-content/uploads/2023/03/asset-1-293x300.png 293w, https://atlanticoaeroporto.com.br/wp-content/uploads/2023/03/asset-1.png 951w" sizes="(max-width: 768px) 100vw, 768px" />															</div>
				</div>
					</div>
		</div>
					</div>
		</section>
				<section class="elementor-section elementor-top-section elementor-element elementor-element-8c552ab elementor-section-boxed elementor-section-height-default elementor-section-height-default" data-id="8c552ab" data-element_type="section" data-settings="{&quot;background_background&quot;:&quot;classic&quot;}">
						<div class="elementor-container elementor-column-gap-default">
					<div class="elementor-column elementor-col-100 elementor-top-column elementor-element elementor-element-bc5d02c" data-id="bc5d02c" data-element_type="column">
			<div class="elementor-widget-wrap elementor-element-populated">
						<div class="elementor-element elementor-element-d98d56e elementor-widget elementor-widget-text-editor" data-id="d98d56e" data-element_type="widget" data-widget_type="text-editor.default">
				<div class="elementor-widget-container">
									<p>Trabalhamos com a abordagem de projetos com os alunos desde o Infantil, buscando alcançar um maior envolvimento do estudante, melhorando sua formação Bilíngue, focando na fala e desenvolvendo assim a fluência e o vocabulário. A partir do Ensino Fundamental, nossos alunos realizam simulados de exames internacionais, atestando a sua evolução.</p><p><strong>Nossa nova parceira: EDIFY<br /></strong><br />Trabalhamos com a Edify, o programa bilíngue que vai além do inglês. Criada por uma equipe pedagógica com mais de 15 anos de experiência, o programa nasceu dentro das escolas e visa conhecer e compreender os desafios e necessidades das instituições parceiras. Hoje, a Edify conta com mais de 15 mil alunos, distribuídos em 10 estados e mais de 60 escolas. Seus materiais contam com recursos impressos, digitais e kits de sala de aula e visam desenvolver habilidades como: Falar em público, objetivando ensinar técnicas de apresentação e oratória e a empatia pela escuta atenta aos colegas; Storytelling, estimulando a criatividade e construção de narrativas próprias através da organização de ideias e produção de conteúdo.</p><p><b>Alguns de nossos projetos:<br /></b><br />• “All about me”</p><p>• Healthy habits</p><p>• Datas comemorativas (St. Patrick’s Day, Easter, 4th of July, Halloween, Thanksgiving, etc.)</p><p>• Cultural Adventure – Explorando o tema “VIAGEM”, os alunos são levados a conhecerem os continentes e cada turma opta e se aprofunda na história, cultura e geografia de um país, culminando num maravilhoso sábado letivo de muita partilha de conhecimentos e comidas típicas.</p><p><b>Nossos programas:<br /></b><br />Ofereceremos às famílias as opções de adesão no contra turno, podendo ser elas de 3 ou 5 vezes semanais.</p>								</div>
				</div>
					</div>
		</div>
					</div>
		</section>
				</div>

<p>PROJETO BILÍNGUE LEARN MORE AND MORE Por que ser um aluno Bilíngue?É comprovado que o ensino de línguas deve ocorrer ainda na infância. Diversos estudos demonstram que, ao aprender uma segunda língua, o cérebro da criança aumenta as conexões neurais, melhorando o raciocínio e a criatividade. Estes estudos demonstram ainda que as pessoas que se [&hellip;]</p>
